ghest common factor of 81 and 757431?
81
What is the greatest common factor of 18688 and 152132?
292
Calculate the greatest common factor of 21096 and 72.
72
What is the greatest common factor of 278 and 58?
2
Calculate the highest common divisor of 1165 and 54.
1
Calculate the greatest common factor of 274816 and 1152.
128
What is the greatest common factor of 36 and 73854?
18
Calculate the greatest common divisor of 60031 and 1211.
173
What is the greatest common factor of 1881 and 867?
3
What is the greatest common divisor of 16 and 1262?
2
What is the greatest common factor of 2823564 and 85?
17
What is the highest common factor of 86292 and 940?
188
Calculate the greatest common divisor of 11790 and 117.
9
Calculate the highest common divisor of 9450 and 11394.
54
Calculate the highest common factor of 120 and 80430.
30
Calculate the greatest common factor of 72 and 3183960.
24
Calculate the highest common divisor of 487281 and 354.
177
What is the greatest common factor of 91 and 957489?
13
What is the greatest common factor of 31289 and 5137?
467
What is the highest common divisor of 113399 and 97966?
671
What is the greatest common factor of 80189 and 167586?
901
What is the highest common factor of 10914 and 44574?
102
What is the highest common factor of 8215 and 17755?
265
Calculate the greatest common factor of 466877 and 69.
23
Calculate the highest common divisor of 2992 and 242.
22
What is the greatest common divisor of 15 and 663785?
5
What is the highest common divisor of 59267 and 1833?
611
What is the highest common divisor of 135797 and 8702?
229
Calculate the highest common divisor of 556 and 476214.
278
What is the highest common factor of 16 and 93904?
16
Calculate the highest common divisor of 48 and 41940.
12
Calculate the greatest common factor of 11832 and 42648.
24
What is the highest common divisor of 162 and 42912?
18
Calculate the highest common divisor of 520534 and 14.
14
What is the greatest common divisor of 259 and 189?
7
What is the highest common divisor of 12 and 100386?
6
What is the highest common divisor of 3100 and 3350?
50
Calculate the highest common divisor of 6748 and 3892.
28
Calculate the highest common factor of 497035 and 231.
77
Calculate the highest common factor of 95778 and 7650.
306
Calculate the highest common factor of 40292 and 28.
28
Calculate the highest common divisor of 4294 and 18080.
226
Calculate the greatest common factor of 66 and 264.
66
What is the highest common divisor of 10 and 1089?
1
Calculate the greatest common factor of 877604 and 65097.
2411
What is the greatest common divisor of 41556 and 1632?
12
Calculate the highest common divisor of 200 and 750.
50
Calculate the greatest common factor of 11 and 75559.
11
What is the highest common factor of 372 and 130076?
124
What is the highest common factor of 228942 and 69?
69
Calculate the greatest common divisor of 11913 and 4389.
627
What is the greatest common divisor of 888214 and 92?
46
Calculate the highest common divisor of 869 and 28361.
79
Calculate the highest common divisor of 303722 and 578.
34
Calculate the highest common factor of 6624 and 1608.
24
Calculate the greatest common divisor of 24000 and 2496.
192
What is the greatest common factor of 90375 and 750?
375
What is the highest common divisor of 44626 and 1166?
106
What is the greatest common factor of 84 and 67812?
12
Calculate the greatest common factor of 117 and 3549.
39
What is the highest common divisor of 701233 and 119?
17
Calculate the highest common factor of 1129 and 3077654.
1129
Calculate the highest common factor of 1006155 and 2871.
261
Calculate the highest common divisor of 11 and 34199.
11
Calculate the highest common divisor of 17989 and 1.
1
What is the highest common factor of 57687 and 68943?
1407
What is the highest common factor of 27200 and 124780?
340
What is the greatest common factor of 174086 and 4510?
902
What is the highest common divisor of 288213 and 138?
69
Calculate the greatest common divisor of 21609 and 9.
9
Calculate the greatest common factor of 294 and 1414091.
49
What is the greatest common factor of 3577 and 657?
73
Calculate the greatest common divisor of 18 and 4938.
6
What is the greatest common factor of 133 and 408177?
133
What is the highest common divisor of 59317 and 713?
23
What is the greatest common factor of 42108 and 86152?
484
What is the highest common divisor of 12944 and 160?
16
Calculate the highest common divisor of 703864 and 168.
56
Calculate the greatest common divisor of 348696 and 928.
232
Calculate the greatest common factor of 10526 and 76.
38
What is the greatest common factor of 6580 and 160?
20
What is the highest common factor of 15066 and 1767?
93
What is the greatest common divisor of 12075 and 529?
23
Calculate the greatest common factor of 2233836 and 396.
396
What is the greatest common divisor of 136 and 356728?
136
What is the greatest common factor of 79 and 2?
1
Calculate the greatest common factor of 222680 and 440.
40
What is the highest common divisor of 669395 and 3320?
415
What is the greatest common divisor of 2668 and 1449?
23
What is the highest common factor of 26 and 134654?
26
Calculate the highest common divisor of 2910061 and 308.
77
Calculate the highest common factor of 1264 and 44416.
16
What is the greatest common divisor of 36846 and 8722?
178
What is the greatest common factor of 4674 and 4018?
82
What is the highest common divisor of 1884 and 732?
12
What is the greatest common factor of 21834 and 1062?
18
Calculate the greatest common divisor of 40386 and 954.
318
What is the highest common divisor of 15311 and 1004?
251
What is the highest common divisor of 988632 and 23?
23
What is the greatest common divisor of 21373 and 15631?
319
What is the highest common divisor of 472 and 18560?
8
What is the greatest common divisor of 8517 and 121242?
501
Calculate the greatest common factor of 104636 and 32412.
148
Calculate the greatest common factor of 448 and 12512.
32
What is the highest common divisor of 1517128 and 781?
71
Calculate the greatest common factor of 1751 and 27336.
17
What is the greatest common divisor of 144785 and 115?
115
Calculate the greatest common divisor of 7260 and 232925.
605
What is the greatest common divisor of 873 and 28227?
291
Calculate the highest common factor of 268555 and 70.
35
What is the greatest common factor of 4214 and 110152?
98
What is the greatest common factor of 79 and 266309?
79
Calculate the greatest common factor of 32343 and 3.
3
What is the highest common factor of 589743 and 370?
37
What is the greatest common divisor of 35054 and 272?
34
Calculate the highest common factor of 153 and 2752317.
153
Calculate the highest common divisor of 613717 and 221.
221
What is the highest common factor of 152375 and 9775?
575
What is the highest common factor of 34 and 403342?
34
Calculate the highest common divisor of 209 and 138985.
209
Calculate the highest common factor of 372909 and 24.
3
What is the highest common divisor of 37940 and 560?
140
Calculate the highest common divisor of 1782 and 498861.
99
What is the highest common factor of 46472 and 4662?
74
What is the highest common factor of 1970669 and 166?
83
What is the highest common divisor of 414 and 27669?
69
Calculate the highest common factor of 3411 and 24714.
9
What is the highest common divisor of 117737 and 69?
23
What is the highest common divisor of 9084824 and 56?
56
What is the greatest common divisor of 23797 and 22001?
449
What is the highest common divisor of 94380 and 585?
195
What is the greatest common divisor of 182 and 9954?
14
What is the highest common divisor of 72 and 49104?
72
Calculate the greatest common divisor of 11136 and 11658.
174
Calculate the greatest common factor of 1767412 and 161.
23
Calculate the highest common factor of 88 and 25432.
88
Calculate the highest common factor of 45332 and 896.
28
What is the highest common factor of 153537 and 3843?
183
Calculate the highest common divisor of 196 and 73052.
28
Calculate the highest common divisor of 881194 and 261.
29
What is the greatest common divisor of 108 and 405336?
12
Calculate the highest common divisor of 6789 and 33507.
219
Calculate the greatest common